 
{"id":1819,"date":"2025-01-04T10:54:17","date_gmt":"2025-01-04T10:54:17","guid":{"rendered":"https:\/\/materials.international\/?page_id=1819"},"modified":"2025-01-07T06:50:28","modified_gmt":"2025-01-07T06:50:28","slug":"issue-2","status":"publish","type":"page","link":"https:\/\/materials.international\/?page_id=1819","title":{"rendered":"Issue 2"},"content":{"rendered":"\r\n<p class=\"has-text-align-center\"><strong>Issue 2 (10th June 2024), Volume 6, Materials International<\/strong><\/p>\r\n\r\n\r\n<hr class=\"wp-block-separator is-style-wide\" \/>\r\n\r\n<h2 class=\"wp-block-heading\"><strong>(1) The Mathematical Modeling for the Domoic Acid Galvanostatic Determination in Oyster Products over an Undoped Conducting Polymer <\/strong><\/h2>\r\n\r\n\r\n\r\n<p> Volodymyr V. Tkach, Tetiana V. Morozova, Marta V. Kushnir, S\u00edlvio C. de Oliveira, Viktor V. Kryvetskyi, Inna I. Kryvetska, Igor V. Kryvetskyi, Igor G. Biryuk, Tetiana B. Sykyrytska, Yana G. Ivanushko, Alla V. Velyka, Petro I. Yagodynets, Adriano O. da Silva, Jarem R. Garcia, Jos\u00e9 In\u00e1cio Ferr\u00e3o da Paiva Martins, Gennadii F. Tkach, Oleg P. Melnyk, Oleksii O. Melnyk, Maria V. Melny, Maria Jo\u00e3o Monteiro, Lilia O. Nikitchenko, Iryna G. Patseva, Vitalina Lukyanova, Liudmyla Mohelnytska <\/p>\r\n\r\n\r\n\r\n<p class=\"has-text-align-right\"><a href=\"https:\/\/doi.org\/10.33263\/Materials62.011\">https:\/\/doi.org\/10.33263\/Materials62.011<\/a><\/p>\r\n\r\n\r\n\r\n<div class=\"wp-block-file alignright\"><a class=\"wp-block-file__button\" href=\"https:\/\/materials.international\/wp-content\/uploads\/2025\/01\/Materials62.011.pdf\" download=\"\" aria-describedby=\"wp-block-file--media-c20caefc-ade9-458b-bbb6-0c20ccd919c8\">Download<\/a><\/div>\r\n\r\n\r\n<hr class=\"wp-block-separator is-style-wide\" \/>\r\n\r\n\r\n<h2 class=\"wp-block-heading\"><strong>(2) Sodium Citrate as a Corrosion Inhibitor for Carbon Steel<\/strong><\/h2>\r\n\r\n\r\n\r\n<p> Lucas Silva, Amauri Souza, Cristiane Taroco, Eric Garcia, Gabriel Santos, Julio On\u00e9sio Melo, Talita Dias, Tulio Matencio, Hosane Taroco <\/p>\r\n\r\n\r\n\r\n<p class=\"has-text-align-right\"><a href=\"https:\/\/doi.org\/10.33263\/Materials62.012\">https:\/\/doi.org\/10.33263\/Materials62.012<\/a><\/p>\r\n\r\n\r\n\r\n<div class=\"wp-block-file alignright\"><a class=\"wp-block-file__button\" href=\"https:\/\/materials.international\/wp-content\/uploads\/2025\/01\/Materials62.012.pdf\" download=\"\" aria-describedby=\"wp-block-file--media-c20caefc-ade9-458b-bbb6-0c20ccd919c8\">Download<\/a><\/div>\r\n\r\n\r\n<hr class=\"wp-block-separator is-style-wide\" \/>\r\n\r\n<h2 class=\"wp-block-heading\"><strong>(3) Experimental and Applied Study to Evaluate the Effectiveness of Silver Nanoparticles Added to Some Plant Volatile Oils and Chemical Insecticides Against Anthrenus Verbasci Larvae Infected Museum Woolen Textiles<\/strong><\/h2>\r\n\r\n\r\n\r\n<p> Dina Abd El Gawad, Sawsan Darwish, Hamdy Abd Elmonam, Rokaya Sobh, Nagwa Atiya <\/p>\r\n\r\n\r\n\r\n<p class=\"has-text-align-right\"><a href=\"https:\/\/doi.org\/10.33263\/Materials62.013\">https:\/\/doi.org\/10.33263\/Materials62.013<\/a><\/p>\r\n\r\n\r\n\r\n<div class=\"wp-block-file alignright\"><a class=\"wp-block-file__button\" href=\"https:\/\/materials.international\/wp-content\/uploads\/2025\/01\/Materials62.013.pdf\" download=\"\" aria-describedby=\"wp-block-file--media-c20caefc-ade9-458b-bbb6-0c20ccd919c8\">Download<\/a><\/div>\r\n\r\n\r\n<hr class=\"wp-block-separator is-style-wide\" \/>\r\n\r\n<h2 class=\"wp-block-heading\"><strong>(4) Pecan Shells and Pecan Shell Activated Carbons as Sorbents to Remove Pollutants from Aqueous Media (a Literature Review)<\/strong><\/h2>\r\n\r\n\r\n\r\n<p> Ildar G. Shaikhiev, Natalia V. Kraysman, Svetlana V. Sverguzova <\/p>\r\n\r\n\r\n\r\n<p class=\"has-text-align-right\"><a href=\"https:\/\/doi.org\/10.33263\/Materials62.014\">https:\/\/doi.org\/10.33263\/Materials62.014<\/a><\/p>\r\n\r\n\r\n\r\n<div class=\"wp-block-file alignright\"><a class=\"wp-block-file__button\" href=\"https:\/\/materials.international\/wp-content\/uploads\/2025\/01\/Materials62.014.pdf\" download=\"\" aria-describedby=\"wp-block-file--media-c20caefc-ade9-458b-bbb6-0c20ccd919c8\">Download<\/a><\/div>\r\n\r\n\r\n<hr class=\"wp-block-separator is-style-wide\" \/>\r\n\r\n<h2 class=\"wp-block-heading\"><strong>(5) Application of Nanotechnological Compounds in the Removal of Heavy Metals <\/strong><\/h2>\r\n\r\n\r\n\r\n<p> Ant\u00f4nio Rony da Silva Pereira Rodrigues <\/p>\r\n\r\n\r\n\r\n<p class=\"has-text-align-right\"><a href=\"https:\/\/doi.org\/10.33263\/Materials62.015\">https:\/\/doi.org\/10.33263\/Materials62.015<\/a><\/p>\r\n\r\n\r\n\r\n<div class=\"wp-block-file alignright\"><a class=\"wp-block-file__button\" href=\"https:\/\/materials.international\/wp-content\/uploads\/2025\/01\/Materials62.015.pdf\" download=\"\" aria-describedby=\"wp-block-file--media-c20caefc-ade9-458b-bbb6-0c20ccd919c8\">Download<\/a><\/div>\r\n\r\n\r\n<hr class=\"wp-block-separator is-style-wide\" \/>\r\n\r\n<h2 class=\"wp-block-heading\"><strong>(6) Multifarious Techniques for Resolving Chitosan\u2019s Degree of Deacetylation (DD)<\/strong><\/h2>\r\n\r\n\r\n\r\n<p>  Azuka Nwabike Amitaye, Elias Emeka Elemike, Terngu Timothy Uzah <\/p>\r\n\r\n\r\n\r\n<p class=\"has-text-align-right\"><a href=\"https:\/\/doi.org\/10.33263\/Materials62.016\">https:\/\/doi.org\/10.33263\/Materials62.016<\/a><\/p>\r\n\r\n\r\n\r\n<div class=\"wp-block-file alignright\"><a class=\"wp-block-file__button\" href=\"https:\/\/materials.international\/wp-content\/uploads\/2025\/01\/Materials62.016.pdf\" download=\"\" aria-describedby=\"wp-block-file--media-c20caefc-ade9-458b-bbb6-0c20ccd919c8\">Download<\/a><\/div>\r\n\r\n<hr class=\"wp-block-separator is-style-wide\" \/>\r\n\r\n<h2 class=\"wp-block-heading\"><strong>(7) Insight into Inhibition Efficiencies of Mannich Bases of Thiourea Derivatives for Mild Steel Corrosion in 0.5 M Sulphuric Acid Medium- An Experimental and Theoretical Approach <\/strong><\/h2>\r\n\r\n\r\n\r\n<p> Lavanya D. Kateel, Priya V. Frank  , Vijaya D.P. Alva, Supriya Bangera <\/p>\r\n\r\n\r\n\r\n<p class=\"has-text-align-right\"><a href=\"https:\/\/doi.org\/10.33263\/Materials62.017\">https:\/\/doi.org\/10.33263\/Materials62.017<\/a><\/p>\r\n\r\n\r\n\r\n<div class=\"wp-block-file alignright\"><a class=\"wp-block-file__button\" href=\"https:\/\/materials.international\/wp-content\/uploads\/2025\/01\/Materials62.017.pdf\" download=\"\" aria-describedby=\"wp-block-file--media-c20caefc-ade9-458b-bbb6-0c20ccd919c8\">Download<\/a><\/div>\r\n\r\n<hr class=\"wp-block-separator is-style-wide\" \/>\r\n\r\n\r\n\r\n<h2 class=\"wp-block-heading\"><strong>(8) Nanocellulose-Based Composites as Advanced Materials <\/strong><\/h2>\r\n\r\n\r\n\r\n<p> Sisira Mambram Kunnath, Anju Padinjareveettil, Prasad Vadakkethonippurathu Sivankuttynair, Satyanarayana Kestur Gundappa <\/p>\r\n\r\n\r\n\r\n<p class=\"has-text-align-right\"><a href=\"https:\/\/doi.org\/10.33263\/Materials62.018\">https:\/\/doi.org\/10.33263\/Materials62.018<\/a><\/p>\r\n\r\n\r\n\r\n<div class=\"wp-block-file alignright\"><a class=\"wp-block-file__button\" href=\"https:\/\/materials.international\/wp-content\/uploads\/2025\/01\/Materials62.018.pdf\" download=\"\" aria-describedby=\"wp-block-file--media-c20caefc-ade9-458b-bbb6-0c20ccd919c8\">Download<\/a><\/div>\r\n\r\n<hr class=\"wp-block-separator is-style-wide\" \/>\r\n\r\n<h2 class=\"wp-block-heading\"><strong>(9) Exploring Fish Scale-Derived Hydroxyapatite Doped with NaCl for Enhanced Bone Tissue Regeneration <\/strong><\/h2>\r\n\r\n\r\n\r\n<p> Magapu Solomon Sudhakar, Aakriti Aggarwal, Salama Alsheriqi, Balqis Alshabibi, Noor Salim Said AlBuraik, Basma Ali Albadri, Bushra Mohammed Saif Al-Breik, Mahesh Kumar Sah <\/p>\r\n\r\n\r\n\r\n<p class=\"has-text-align-right\"><a href=\"https:\/\/doi.org\/10.33263\/Materials62.019\">https:\/\/doi.org\/10.33263\/Materials62.019<\/a><\/p>\r\n\r\n\r\n\r\n<div class=\"wp-block-file alignright\"><a class=\"wp-block-file__button\" href=\"https:\/\/materials.international\/wp-content\/uploads\/2025\/01\/Materials62.019.pdf\" download=\"\" aria-describedby=\"wp-block-file--media-c20caefc-ade9-458b-bbb6-0c20ccd919c8\">Download<\/a><\/div>\r\n\r\n<hr class=\"wp-block-separator is-style-wide\" \/>\r\n\r\n<h2 class=\"wp-block-heading\"><strong>(10) Review: Preparation, Properties, and Applications of Ferrites in Sustaining Environment <\/strong><\/h2>\r\n\r\n\r\n\r\n<p> Maheshkumar Yashwantrao Salunkhe, Sharadkumar Ganpatrao Narwade, Faiyyaj Isamuddin Shaikh <\/p>\r\n\r\n\r\n\r\n<p class=\"has-text-align-right\"><a href=\"https:\/\/doi.org\/10.33263\/Materials62.020\">https:\/\/doi.org\/10.33263\/Materials62.020<\/a><\/p>\r\n\r\n\r\n\r\n<div class=\"wp-block-file alignright\"><a class=\"wp-block-file__button\" href=\"https:\/\/materials.international\/wp-content\/uploads\/2025\/01\/Materials62.020.pdf\" download=\"\" aria-describedby=\"wp-block-file--media-c20caefc-ade9-458b-bbb6-0c20ccd919c8\">Download<\/a><\/div>\r\n\r\n<hr class=\"wp-block-separator is-style-wide\" \/>\r\n\r\n","protected":false},"excerpt":{"rendered":"<p>Issue 2 (10th June 2024), Volume 6, Materials International (1) The Mathematical Modeling for the Domoic Acid Galvanostatic Determination in Oyster Products over an Undoped Conducting Polymer Volodymyr V. Tkach, Tetiana V. Morozova, Marta V. Kushnir, S\u00edlvio C. de Oliveira, Viktor V. Kryvetskyi, Inna I. Kryvetska, Igor V. Kryvetskyi, Igor G. Biryuk, Tetiana B. Sykyrytska, Yana G. Ivanushko, Alla V. Velyka, Petro I. Yagodynets, Adriano O. da Silva, Jarem R. Garcia, Jos\u00e9 In\u00e1cio Ferr\u00e3o da Paiva Martins, Gennadii F. Tkach, Oleg P. Melnyk, Oleksii O. Melnyk, Maria V. Melny, Maria Jo\u00e3o Monteiro, Lilia O. Nikitchenko, Iryna G. Patseva, Vitalina Lukyanova, &hellip;<\/p>\n","protected":false},"author":1,"featured_media":0,"parent":1815,"menu_order":2,"comment_status":"closed","ping_status":"closed","template":"","meta":{"pagelayer_contact_templates":[],"_pagelayer_content":"","footnotes":""},"class_list":["post-1819","page","type-page","status-publish","hentry"],"_links":{"self":[{"href":"https:\/\/materials.international\/index.php?rest_route=\/wp\/v2\/pages\/1819","targetHints":{"allow":["GET"]}}],"collection":[{"href":"https:\/\/materials.international\/index.php?rest_route=\/wp\/v2\/pages"}],"about":[{"href":"https:\/\/materials.international\/index.php?rest_route=\/wp\/v2\/types\/page"}],"author":[{"embeddable":true,"href":"https:\/\/materials.international\/index.php?rest_route=\/wp\/v2\/users\/1"}],"replies":[{"embeddable":true,"href":"https:\/\/materials.international\/index.php?rest_route=%2Fwp%2Fv2%2Fcomments&post=1819"}],"version-history":[{"count":21,"href":"https:\/\/materials.international\/index.php?rest_route=\/wp\/v2\/pages\/1819\/revisions"}],"predecessor-version":[{"id":1952,"href":"https:\/\/materials.international\/index.php?rest_route=\/wp\/v2\/pages\/1819\/revisions\/1952"}],"up":[{"embeddable":true,"href":"https:\/\/materials.international\/index.php?rest_route=\/wp\/v2\/pages\/1815"}],"wp:attachment":[{"href":"https:\/\/materials.international\/index.php?rest_route=%2Fwp%2Fv2%2Fmedia&parent=1819"}],"curies":[{"name":"wp","href":"https:\/\/api.w.org\/{rel}","templated":true}]}}