 
{"id":12,"date":"2019-08-21T09:06:01","date_gmt":"2019-08-21T09:06:01","guid":{"rendered":"https:\/\/materials.international\/?page_id=12"},"modified":"2020-01-17T10:04:54","modified_gmt":"2020-01-17T10:04:54","slug":"issue-2","status":"publish","type":"page","link":"https:\/\/materials.international\/?page_id=12","title":{"rendered":"Issue 2"},"content":{"rendered":"\n<p class=\"has-text-color has-text-align-center has-accent-1-color\"> <strong>Issue 2 (30th December 2019), Volume 1, Materials International<\/strong> <\/p>\n\n\n\n<hr class=\"wp-block-separator is-style-wide\"\/>\n\n\n\n<p><strong>(1) High dielectric ring resonators for designing passive filter<\/strong><\/p>\n\n\n\n<p class=\"has-text-align-right\"><a href=\"https:\/\/doi.org\/10.33263\/Materials12.025028\">https:\/\/doi.org\/10.33263\/Materials12.025028<\/a><\/p>\n\n\n\n<p><strong>Bahareh Moradi <sup>1<\/sup>*<a href=\"http:\/\/orcid.org\/0000-0002-5410-0539\"><\/a>, Joan Garcia<sup> 1<\/sup><\/strong><a href=\"http:\/\/orcid.org\/0000-0002-7825-0224\"><\/a><\/p>\n\n\n\n<p><sup>1<\/sup>&nbsp;&nbsp; Autonoma\nUniversity of Barcelona, Department of Electrical Engineering, Barcelona, Spain<\/p>\n\n\n\n<p class=\"has-text-align-right\"><strong>*<\/strong>&nbsp; Correspondence: <a href=\"mailto:bahareh.morandi83@gmail.com\">bahareh.morandi83@gmail.com<\/a>; Scopus ID: <a href=\"https:\/\/www.scopus.com\/authid\/detail.uri?authorId=55795876700\">55795876700<\/a> &nbsp;&nbsp;<\/p>\n\n\n\n<div class=\"wp-block-file alignright\"><a href=\"https:\/\/materials.international\/wp-content\/uploads\/2020\/01\/2668572812025028.pdf\" class=\"wp-block-file__button\" download>Download<\/a><\/div>\n\n\n\n<hr class=\"wp-block-separator is-style-wide\"\/>\n\n\n\n<p><\/p>\n\n\n\n<p><strong>(2) Investigation of structural and mechanical properties of BioCaCO<sub>3<\/sub>-LDPE composites<\/strong><\/p>\n\n\n\n<p class=\"has-text-align-right\"><a href=\"https:\/\/doi.org\/10.33263\/Materials12.029043\">https:\/\/doi.org\/10.33263\/Materials12.029043<\/a><\/p>\n\n\n\n<p><strong>Serife Yalc\u0131n <sup>1 <\/sup>*, Daniel Chateigner <sup>2<\/sup><\/strong><a href=\"http:\/\/orcid.org\/0000-0001-7792-8702\"><\/a><strong>, Lo\u00efc Le Pluart<sup> 3<\/sup><\/strong><a href=\"http:\/\/orcid.org\/0000-0002-6108-0257\"><\/a><strong>, St\u00e9phanie Gascoin<sup> 2<\/sup><\/strong><a href=\"http:\/\/orcid.org\/0000-0003-1322-3089\"><\/a><strong>, Sophie Eve<\/strong><sup> <strong>2<\/strong><\/sup><a href=\"http:\/\/orcid.org\/0000-0002-1660-3688\"><\/a><sup> <\/sup><\/p>\n\n\n\n<p><sup>1<\/sup>&nbsp;&nbsp; Harran\nUniversity, Faculty of Arts and Science, Department of Physics, Osmanbey\nCampus, 63300, Sanliurfa, Turkey<\/p>\n\n\n\n<p><sup>2<\/sup>&nbsp;&nbsp; Normandie\nUniversit\u00e9, Ecole Nationale Sup\u00e9rieure d\u2019Ing\u00e9nieurs de Caen (ENSICAEN), Universit\u00e9\nde Caen Normandie (UNICAEN), Centre National de la Recherche Scientifique (CNRS),\nInstitut Universitaire de Technologie (IUT)- Caen, Laboratoire de\nCRIstallographie et Sciences des MAT\u00e9riaux (CRISMAT), 6, Bd M. Juin, 14050,\nCaen, France<\/p>\n\n\n\n<p><sup>3<\/sup>\u00a0\u00a0 Normandie Universit\u00e9, ENSICAEN, UNICAEN, CNRS, Centre National de Recherche Technologique (CNRT), Laboratoire de Chimie Mol\u00e9culaire et Thio-organique (LCMT), 6, Bd du Mar\u00e9chal Juin 14050, Caen Cedex, France<\/p>\n\n\n\n<p class=\"has-text-align-right\"><strong>*<\/strong>  Correspondence: <a href=\"mailto:serifeyalcin@harran.edu.tr\">serifeyalcin@harran.edu.tr<\/a>; Scopus ID: <a href=\"https:\/\/www.scopus.com\/authid\/detail.uri?origin=resultslist&amp;authorId=17347094700\">17347094700<\/a><\/p>\n\n\n\n<div class=\"wp-block-file alignright\"><a href=\"https:\/\/materials.international\/wp-content\/uploads\/2020\/01\/2668572812029043.pdf\" class=\"wp-block-file__button\" download>Download<\/a><\/div>\n\n\n\n<p><\/p>\n\n\n\n<hr class=\"wp-block-separator is-style-wide\"\/>\n\n\n\n<p><\/p>\n\n\n\n<p><\/p>\n\n\n\n<p><\/p>\n","protected":false},"excerpt":{"rendered":"<p>Issue 2 (30th December 2019), Volume 1, Materials International (1) High dielectric ring resonators for designing passive filter https:\/\/doi.org\/10.33263\/Materials12.025028 Bahareh Moradi 1*, Joan Garcia 1 1&nbsp;&nbsp; Autonoma University of Barcelona, Department of Electrical Engineering, Barcelona, Spain *&nbsp; Correspondence: bahareh.morandi83@gmail.com; Scopus ID: 55795876700 &nbsp;&nbsp; (2) Investigation of structural and mechanical properties of BioCaCO3-LDPE composites https:\/\/doi.org\/10.33263\/Materials12.029043 Serife Yalc\u0131n 1 *, Daniel Chateigner 2, Lo\u00efc Le Pluart 3, St\u00e9phanie Gascoin 2, Sophie Eve 2 1&nbsp;&nbsp; Harran University, Faculty of Arts and Science, Department of Physics, Osmanbey Campus, 63300, Sanliurfa, Turkey 2&nbsp;&nbsp; Normandie Universit\u00e9, Ecole Nationale Sup\u00e9rieure d\u2019Ing\u00e9nieurs de Caen (ENSICAEN), Universit\u00e9 de Caen &hellip;<\/p>\n","protected":false},"author":1,"featured_media":0,"parent":8,"menu_order":0,"comment_status":"closed","ping_status":"closed","template":"","meta":{"pagelayer_contact_templates":[],"_pagelayer_content":"","footnotes":""},"class_list":["post-12","page","type-page","status-publish","hentry"],"_links":{"self":[{"href":"https:\/\/materials.international\/index.php?rest_route=\/wp\/v2\/pages\/12","targetHints":{"allow":["GET"]}}],"collection":[{"href":"https:\/\/materials.international\/index.php?rest_route=\/wp\/v2\/pages"}],"about":[{"href":"https:\/\/materials.international\/index.php?rest_route=\/wp\/v2\/types\/page"}],"author":[{"embeddable":true,"href":"https:\/\/materials.international\/index.php?rest_route=\/wp\/v2\/users\/1"}],"replies":[{"embeddable":true,"href":"https:\/\/materials.international\/index.php?rest_route=%2Fwp%2Fv2%2Fcomments&post=12"}],"version-history":[{"count":5,"href":"https:\/\/materials.international\/index.php?rest_route=\/wp\/v2\/pages\/12\/revisions"}],"predecessor-version":[{"id":1068,"href":"https:\/\/materials.international\/index.php?rest_route=\/wp\/v2\/pages\/12\/revisions\/1068"}],"up":[{"embeddable":true,"href":"https:\/\/materials.international\/index.php?rest_route=\/wp\/v2\/pages\/8"}],"wp:attachment":[{"href":"https:\/\/materials.international\/index.php?rest_route=%2Fwp%2Fv2%2Fmedia&parent=12"}],"curies":[{"name":"wp","href":"https:\/\/api.w.org\/{rel}","templated":true}]}}